8 + k = 0. List the prime factors of f.
2, 13
Let m(u) = 563*u**2 - 835*u + 4996. List the prime factors of m(6).
2, 13, 19, 41
Let l = 28640 - 10653. List the prime factors of l.
17987
Let c be 36/((-21)/(-14) + 0). List the prime factors of (4/(c/261))/(5/20).
2, 3, 29
Let k(u) = u**2 + 38*u + 16. Let t be k(15). Suppose -t = -2*w + 615. What are the prime factors of w?
23, 31
Suppose -21724 = -4*t - 20*i, 7*i + 21749 = 4*t + 2*i. List the prime factors of t.
2, 3, 151
Let p = 861 - -985. Let l = -1194 + p. Suppose -q = 0, 2*a + 2*a - q = l. List the prime factors of a.
163
Let p be ((-8)/6)/((-4)/6). Suppose 499 = p*h + 167. Suppose -2*x = -4*f - h, -3*x + 4*f + 213 = -46. List the prime factors of x.
3, 31
Suppose a - 4*h = 1103, -6*h - 4412 = -4*a - 11*h. What are the prime factors of a?
1103
Let f = -24707 - -35507. List the prime factors of f.
2, 3, 5
Suppose -4*h - 2*y = -2*h - 14, -h - 3*y + 3 = 0. List the prime factors of -249*(6/h)/((-12)/18).
3, 83
Suppose 176*n - 169*n - 28 = 0. Suppose -n*t + 1150 = l + l, 3*l + 4*t = 1719. List the prime factors of l.
569
Suppose -10*t = -3*d + 59301, -8*d = -10*d - 5*t + 39464. List the prime factors of d.
7, 13, 31
Suppose 4*u + 5*c = 91822, -32*u + 29*u = 4*c - 68868. List the prime factors of u.
2, 5737
Let h(l) = -3*l**3 + 2*l**2 + 6*l - 11. Let t(j) = -j**3 - j**2 - 1. Let x(w) = h(w) - 4*t(w). Let u be x(-5). What are the prime factors of (21/u)/(10/(-120))?
3, 7
Let b(k) = 249*k**2 + 40*k - 7. Let u be (60/(-90))/((-2)/6). What are the prime factors of b(u)?
1069
Let y = -3 + 3. Let i = y + 5. Suppose 783 - 163 = i*q. List the prime factors of q.
2, 31
Let s(b) = 35*b + 47. Let q be s(-5). Let w = 50 + q. Let g = 155 + w. What are the prime factors of g?
7, 11
Let z be (5 - 1) + (6 - (5 - 8452)). Suppose -1559 = -16*o + z. What are the prime factors of o?
2, 313
Let m be -2 + 8 + 3/(-3). Let c be 56/10 + (-3)/m. Suppose -5*k + 2*k + n = -136, c*k - 5*n - 230 = 0. What are the prime factors of k?
3, 5
Suppose -4*j + 3996 = 5*z, -999 = -j + 95*z - 91*z. List the prime factors of j.
3, 37
List the prime factors of 8 + 925106/234 + (-8)/18.
17, 233
Suppose -76*c + 81*c - 55 = 0. Let q(h) = h**3 - 9*h**2 + 4*h + 31. List the prime factors of q(c).
317
Suppose -s + 2*z = -45, -s + 62 = z + 8. Suppose 1768 = -71*g + 348. Let k = s + g. What are the prime factors of k?
31
Let m(n) = 9*n**2 + 15*n + 56. Let j(b) = -b**2 - 11*b + 20. Let q be j(2). List the prime factors of m(q).
2, 5, 29
Suppose 296 = 2*n + r, 4*n - 7*r + 3*r - 568 = 0. Suppose n*p + 930 = 151*p. List the prime factors of p.
2, 3, 31
Let n(f) = -2*f**3 + 26*f**2 + 22*f - 20. Let v be n(15). Let j = v + 1163. What are the prime factors of j?
3, 191
Suppose 972813 - 162813 = 54*l. What are the prime factors of l?
2, 3, 5
Suppose -3*a - 31 = -37. Suppose 0 = 3*f - 4*u - 498, 3*f = -2*f - a*u + 804. Suppose -2*l = 6 - f. What are the prime factors of l?
2, 3, 13
Let x(d) be the third derivative of 0 + 5/12*d**4 - 1/6*d**3 + 0*d - 10*d**2. List the prime factors of x(7).
3, 23
Suppose -1695*t - 373040 = -1705*t. What are the prime factors of t?
2, 4663
Suppose i + 3*i - 2*j = 36, 8 = i - j. Suppose 0 = 14*n - i*n - 4. Let m(d) = 194*d**2 + d - 1. List the prime factors of m(n).
2, 97
Suppose -5*q + 1 = 4*m - 2, 0 = -4*q - 2*m. Let p(w) = 22*w + 2. Let n be p(q). What are the prime factors of (1216/n)/(-2) + 4/(-10)?
2, 3, 5
Let n = 390 + -420. What are the prime factors of n/(-12) + (-1967)/(-2) + 1?
3, 7, 47
Suppose 3*p - 3 = 4*t - 6*t, 2*t + p - 5 = 0. Suppose -t*u - 1 + 49 = 0. List the prime factors of u.
2
Suppose 2*p - 71 = -63. Let b(j) = 208*j + 12. List the prime factors of b(p).
2, 211
Suppose -4*x + 42 - 18 = 0. Suppose 5 = x*k - 79. Let m = k + 28. What are the prime factors of m?
2, 3, 7
Suppose 6*g - 20 + 8 = 0. Suppose -856 = -g*l - 2*l. List the prime factors of l.
2, 107
Let k be (-20)/(-15)*3/2*8. Suppose -8*l - 8 - k = 0. List the prime factors of 1*l*((-66)/9 - 3).
31
Suppose -c - 25 + 34 = 0. List the prime factors of (-37035)/(-27) - (-3)/c.
2, 7
Let j be (24/5 + 1/5)*-5. Let d = j + 24. What are the prime factors of (2322/36)/(d/(-2))?
3, 43
Suppose 5*r - 47919 = -4*v + 146050, 0 = -3*v + 2*r + 145517. What are the prime factors of v?
3, 17, 317
Let z(a) = 32*a**2 + 9*a - 16. Let t be z(7). Suppose 10*w = 11*w - 1, w + t = 4*b. List the prime factors of b.
2, 101
Suppose 44 + 19 = 21*n. Suppose a = -n*a + 5048. List the prime factors of a.
2, 631
Suppose 1826*x - 430530 = 1801*x - 159430. List the prime factors of x.
2, 2711
Let n = -542 + 1990. List the prime factors of n.
2, 181
Let s = -62 + 68. Let d = 32 + -29. Suppose a - s = -d. List the prime factors of a.
3
Let f be ((-2)/(-6))/((-1)/(-3)). Let r be f - (-3 + 0 + -402). Suppose 50 = -4*p + r. What are the prime factors of p?
89
Suppose -q - 10 = -z - 4*z, 0 = 4*z - q - 7. Suppose -m + t = -14, z*m = -4*t + 69 - 27. Suppose 13*n = m*n - 106. List the prime factors of n.
2, 53
Let p(a) = 44*a**2 - 130*a + 34. What are the prime factors of p(17)?
2, 5, 17, 31
Suppose -10*y + 164 = 64. Suppose 240 = -y*s + 2*s. What are the prime factors of (-1199)/(-19) + s/285?
3, 7
Let b = -74 + 81. Let g be (218/6)/(b/21). Suppose o - g = 78. List the prime factors of o.
11, 17
Let d(n) = 2279*n**2 + 7*n + 26. List the prime factors of d(-2).
2, 7, 163
Let g be (-7)/(7/(-2))*-2 - -552. Suppose -278 = -f - 2*b, f - 4*b - g = -f. List the prime factors of f.
2, 3, 23
Let p = 3925 + -3541. List the prime factors of p.
2, 3
Let c(g) = -9 + 7*g**2 + 1 - 31 + g**2 + 2*g**2 - 123*g. List the prime factors of c(17).
2, 5, 19
Suppose h - 4*r = 139 + 4381, -4*h + 17989 = -3*r. What are the prime factors of h?
2, 1123
Let o(l) = 4*l**2 - 17*l + 14. Suppose 2*n + 0 = -v + 9, -2*v - 5*n + 18 = 0. What are the prime factors of o(v)?
5, 37
Let v be ((-3)/(-9))/((-2)/9924). Let j = 2982 + v. List the prime factors of j.
2, 83
Let o(b) = 3*b**2 - 9*b + 27. Let n(m) = -m**2 - 23*m - 36. Let k be n(-21). Let g be o(k). Let u = 37 + g. What are the prime factors of u?
2, 59
Suppose 16*y - 169 - 1543 = 0. Let p = -99 + y. Suppose -1795 + 571 = -p*k. What are the prime factors of k?
3, 17
Suppose 5*v = u - 829, -93*v = u - 90*v - 813. List the prime factors of u.
3, 7, 13
Let k = -16 + 30. Let t(c) = 23*c - 24. What are the prime factors of t(k)?
2, 149
Let z(u) = 3*u**3 + 100*u**2 + 102*u + 35. List the prime factors of z(-31).
2, 3, 5
Let j(r) = r**3 - 47*r**2 - 65*r - 346. What are the prime factors of j(51)?
11, 613
Let l be 1008/1 + 1 + -3 + 4. Let g = 1944 - l. What are the prime factors of g?
2, 467
Suppose -3*l = -49025 - 11359. List the prime factors of l.
2, 17, 37
Let u(p) = 9*p**2 - 16*p - 7. Let w(b) = 8*b**2 - 16*b - 7. Let z(y) = -5*u(y) + 6*w(y). Let c be z(-9). Let i = c + -197. List the prime factors of i.
3, 61
Suppose -2*i - 6 = -4*i. Suppose -i*r - 3*v + 63 = 0, 4*r + 5*v - 78 = 7. Suppose -u + 22 = 2*t, t - 5*t - r = -2*u. List the prime factors of u.
2
Suppose 202 = 10*c - 9*c + 2*r, -3*r = -12. Suppose 5*z - 301 = -5*k + c, 0 = 4*z - 3*k - 382. List the prime factors of z.
97
Let u(i) = 12*i - 92. Let m be u(9). Suppose m*s + 20*s = 29304. What are the prime factors of s?
2, 11, 37
Let y(u) = -u**2 + 13*u - 7. Let j be y(12). Suppose 4*z - 13 = h - j, -2 = -z - 2*h. Suppose 8*m = z*m + 186. What are the prime factors of m?
31
Let v = 535 + -530. Suppose -v*b - 42 + 842 = 0. What are the prime factors of b?
2, 5
Suppose -10*w - 24084 = -154464. What are the prime factors of w?
2, 3, 41, 53
Let f be 663/(-17) - (-27)/3. What are the prime factors of (-35 - -25)*4/(16/f)?
3, 5
Let y(x) = -x + 2*x**2 + 98 - 98. Let c be y(2). Suppose 0 = -2*z - c + 118. What are the prime factors of z?
2, 7
Suppose h = 4*k - 11478, -3*k - 6*h = -10*h - 8602. List the prime factors of k.
2, 5, 7, 41
Let u be 4/(-18) - (-322915)/261. Suppose 6*t = 1055 + u. List the prime factors of t.
2, 191
Let b be 1767/(-38)*4/6. Let j = b + 25. Let g(v) = v**2 + 3*v + 5. List the prime factors of g(j).
23
Suppose 2*d - r = 589, 0*r = 5*d - 4*r - 1468. What are the prime factors of d?
2, 37
Suppose -8*k = -20*k + 48. Suppose k*j - 3*v = 764, -2*j + 8*v + 396 = 3*v. Suppose 5*m = 4*l + 312, j = m +